{"id":45,"date":"2023-07-13T09:21:28","date_gmt":"2023-07-13T09:21:28","guid":{"rendered":"http:\/\/iyisinial.com\/?page_id=45"},"modified":"2023-07-15T08:18:59","modified_gmt":"2023-07-15T08:18:59","slug":"uzaktan-yardim-uzaktan-destek","status":"publish","type":"page","link":"http:\/\/iyisinial.com\/?page_id=45","title":{"rendered":"Uzaktan Yard\u0131m \/ Uzaktan Destek"},"content":{"rendered":"\n<figure class=\"wp-block-image size-full\"><img fetchpriority=\"high\" decoding=\"async\" width=\"721\" height=\"216\" src=\"http:\/\/iyisinial.com\/wp-content\/uploads\/2023\/07\/UzaktanDestek.jpg\" alt=\"\" class=\"wp-image-79\" srcset=\"http:\/\/iyisinial.com\/wp-content\/uploads\/2023\/07\/UzaktanDestek.jpg 721w, http:\/\/iyisinial.com\/wp-content\/uploads\/2023\/07\/UzaktanDestek-300x90.jpg 300w\" sizes=\"(max-width: 721px) 100vw, 721px\" \/><\/figure>\n\n\n\n<p>&#8220;Teknoloji \u00e7a\u011f\u0131nda, g\u00fcnl\u00fck hayat\u0131m\u0131z\u0131n \u00f6nemli bir par\u00e7as\u0131 haline gelen bilgisayarlar\u0131m\u0131z\u0131n sa\u011fl\u0131kl\u0131 ve sorunsuz bir \u015fekilde \u00e7al\u0131\u015fmas\u0131, verimlili\u011fimizi art\u0131rman\u0131n yan\u0131 s\u0131ra i\u015f ve ki\u015fisel hayat\u0131m\u0131z\u0131 kolayla\u015ft\u0131rmak i\u00e7in hayati \u00f6nem ta\u015f\u0131r. Ancak, zaman zaman bilgisayarlar\u0131m\u0131zla ilgili problemlerle kar\u015f\u0131la\u015fmak ka\u00e7\u0131n\u0131lmazd\u0131r ve bu durum i\u015flerimizi aksatabilir, strese neden olabilir ve bizi sinirlendirebilir.<\/p>\n\n\n\n<p>\u0130\u015fte tam bu noktada, <strong>uzaktan destek hizmetimiz devreye giriyor<\/strong>. Uzaktan destek, bilgisayar\u0131n\u0131z\u0131n sorunlar\u0131n\u0131 h\u0131zl\u0131 ve etkili bir \u015fekilde \u00e7\u00f6zmenin modern ve yenilik\u00e7i bir yoludur. Size fiziksel bir m\u00fcdahale gerektirmeden, uzman teknisyenlerimiz bilgisayar\u0131n\u0131za internet \u00fczerinden eri\u015ferek sorunlar\u0131 tespit eder ve \u00e7\u00f6zer.<\/p>\n\n\n\n<p><strong>Bu hizmetin sizin i\u00e7in sa\u011flad\u0131\u011f\u0131 bir\u00e7ok avantaj bulunmaktad\u0131r. \u0130lk olarak, zaman\u0131n\u0131z\u0131 ve enerjinizi korur. Bilgisayar\u0131n\u0131zda meydana gelen bir sorunla u\u011fra\u015fmak i\u00e7in teknik destek i\u00e7in yerinden ayr\u0131lman\u0131za gerek kalmaz. Uzaktan eri\u015fim ile teknisyenlerimiz an\u0131nda m\u00fcdahale eder ve sorunu \u00e7\u00f6zer. B\u00f6ylece, i\u015flerinize ara vermeden, verimli bir \u015fekilde \u00e7al\u0131\u015fmaya devam edebilirsiniz.<\/strong><\/p>\n\n\n\n<p>\u0130kinci olarak, <strong>uzaktan destek hizmetimiz maliyet tasarrufu sa\u011flar<\/strong>. Fiziksel bir servis \u00e7a\u011f\u0131rmak veya bilgisayar\u0131n\u0131z\u0131 teknik bir servis merkezine g\u00f6t\u00fcrmek hem zaman al\u0131c\u0131d\u0131r hem de ekstra maliyetlere neden olabilir. Uzaktan destekle, bu t\u00fcr masraflar\u0131n \u00f6n\u00fcne ge\u00e7ersiniz. Teknisyenlerimiz, sorunlar\u0131 \u00e7\u00f6zmek i\u00e7in do\u011frudan bilgisayar\u0131n\u0131za eri\u015fti\u011fi i\u00e7in ek bir maliyet ortaya \u00e7\u0131kmaz.<\/p>\n\n\n\n<p>\u00dc\u00e7\u00fcnc\u00fc olarak, g\u00fcvenli\u011finizi ve gizlili\u011finizi koruruz. Uzaktan eri\u015fim ile sizin bilgisayar\u0131n\u0131za ba\u011fland\u0131\u011f\u0131m\u0131zda, t\u00fcm verilerinizin g\u00fcvenli\u011fi ve gizlili\u011fi bizim \u00f6nceli\u011fimizdir. Geli\u015fmi\u015f \u015fifreleme teknolojileri ve g\u00fcvenlik protokolleri kullanarak, ki\u015fisel bilgilerinizi ve hassas verilerinizi koruruz. B\u00f6ylece, bilgisayar\u0131n\u0131z\u0131 g\u00fcvende tutarken ayn\u0131 zamanda size huzur ve g\u00fcven sa\u011flar\u0131z.<\/p>\n\n\n\n<p>Son olarak, uzaktan destek hizmetimiz 7\/24 kullan\u0131labilir ve h\u0131zl\u0131 \u00e7\u00f6z\u00fcmler sunar. \u0130ster gece ge\u00e7 saatlerde ister tatil g\u00fcnlerinde olsun, sorun ya\u015fad\u0131\u011f\u0131n\u0131z anda uzman teknisyenlerimiz yan\u0131n\u0131zda olacak ve h\u0131zl\u0131 bir \u015fekilde sorunlar\u0131n\u0131za \u00e7\u00f6z\u00fcm bulacakt\u0131r. B\u00f6ylece, bilgisayar\u0131n\u0131z\u0131n performans\u0131n\u0131 en \u00fcst d\u00fczeye \u00e7\u0131karmak i\u00e7in hi\u00e7bir zaman kaybetmezsiniz.<\/p>\n\n\n\n<p>Uzaktan destek hizmetimiz, sorun ya\u015fad\u0131\u011f\u0131n\u0131z anda size yard\u0131mc\u0131 olmak ve bilgisayar\u0131n\u0131z\u0131 optimal durumda tutmak i\u00e7in burada. Teknik becerileri y\u00fcksek uzman ekibimizle, sizlere kesintisiz ve g\u00fcvenilir bir hizmet sunmay\u0131 taahh\u00fct ediyoruz. Art\u0131k bilgisayar sorunlar\u0131na tak\u0131lmak zorunda de\u011filsiniz. Uzaktan destekle, sorunlar\u0131 h\u0131zla \u00e7\u00f6zebilir, verimli \u00e7al\u0131\u015fabilir ve teknolojinin keyfini s\u00fcrmeye devam edebilirsiniz.&#8221;<\/p>\n","protected":false},"excerpt":{"rendered":"<p>&#8220;Teknoloji \u00e7a\u011f\u0131nda, g\u00fcnl\u00fck hayat\u0131m\u0131z\u0131n \u00f6nemli bir par\u00e7as\u0131 haline gelen bilgisayarlar\u0131m\u0131z\u0131n sa\u011fl\u0131kl\u0131 ve sorunsuz bir \u015fekilde \u00e7al\u0131\u015fmas\u0131, verimlili\u011fimizi art\u0131rman\u0131n yan\u0131 s\u0131ra<\/p>\n","protected":false},"author":1,"featured_media":0,"parent":0,"menu_order":0,"comment_status":"closed","ping_status":"closed","template":"","meta":{"colormag_page_container_layout":"default_layout","colormag_page_sidebar_layout":"default_layout","footnotes":""},"class_list":["post-45","page","type-page","status-publish","hentry"],"magazineBlocksPostFeaturedMedia":{"thumbnail":false,"medium":false,"medium_large":false,"large":false,"1536x1536":false,"2048x2048":false,"colormag-highlighted-post":false,"colormag-featured-post-medium":false,"colormag-featured-post-small":false,"colormag-featured-image":false,"colormag-default-news":false,"colormag-featured-image-large":false,"colormag-elementor-block-extra-large-thumbnail":false,"colormag-elementor-grid-large-thumbnail":false,"colormag-elementor-grid-small-thumbnail":false,"colormag-elementor-grid-medium-large-thumbnail":false},"magazineBlocksPostAuthor":{"name":"admin","avatar":"https:\/\/secure.gravatar.com\/avatar\/1ca883cac929a9b1d80265cec083024f042be6d48ad3f75b930f72544a5ff9cf?s=96&d=mm&r=g"},"magazineBlocksPostCommentsNumber":false,"magazineBlocksPostExcerpt":"&#8220;Teknoloji \u00e7a\u011f\u0131nda, g\u00fcnl\u00fck hayat\u0131m\u0131z\u0131n \u00f6nemli bir par\u00e7as\u0131 haline gelen bilgisayarlar\u0131m\u0131z\u0131n sa\u011fl\u0131kl\u0131 ve sorunsuz bir \u015fekilde \u00e7al\u0131\u015fmas\u0131, verimlili\u011fimizi art\u0131rman\u0131n yan\u0131 s\u0131ra","magazineBlocksPostCategories":[],"magazineBlocksPostViewCount":0,"magazineBlocksPostReadTime":3,"_links":{"self":[{"href":"http:\/\/iyisinial.com\/index.php?rest_route=\/wp\/v2\/pages\/45","targetHints":{"allow":["GET"]}}],"collection":[{"href":"http:\/\/iyisinial.com\/index.php?rest_route=\/wp\/v2\/pages"}],"about":[{"href":"http:\/\/iyisinial.com\/index.php?rest_route=\/wp\/v2\/types\/page"}],"author":[{"embeddable":true,"href":"http:\/\/iyisinial.com\/index.php?rest_route=\/wp\/v2\/users\/1"}],"replies":[{"embeddable":true,"href":"http:\/\/iyisinial.com\/index.php?rest_route=%2Fwp%2Fv2%2Fcomments&post=45"}],"version-history":[{"count":4,"href":"http:\/\/iyisinial.com\/index.php?rest_route=\/wp\/v2\/pages\/45\/revisions"}],"predecessor-version":[{"id":80,"href":"http:\/\/iyisinial.com\/index.php?rest_route=\/wp\/v2\/pages\/45\/revisions\/80"}],"wp:attachment":[{"href":"http:\/\/iyisinial.com\/index.php?rest_route=%2Fwp%2Fv2%2Fmedia&parent=45"}],"curies":[{"name":"wp","href":"https:\/\/api.w.org\/{rel}","templated":true}]}}